undreds digit of 586?
5
What is the tens digit of 69283?
8
What is the units digit of 115374?
4
What is the hundreds digit of 49181?
1
What is the tens digit of 1162?
6
What is the thousands digit of 1791?
1
What is the units digit of 15158?
8
What is the units digit of 395?
5
What is the thousands digit of 29077?
9
What is the tens digit of 6297?
9
What is the hundreds digit of 1594?
5
What is the units digit of 12467?
7
What is the units digit of 7584?
4
What is the ten thousands digit of 84960?
8
What is the hundreds digit of 49676?
6
What is the units digit of 6641?
1
What is the ten thousands digit of 103430?
0
What is the thousands digit of 1690?
1
What is the hundreds digit of 8291?
2
What is the units digit of 7324?
4
What is the hundreds digit of 41793?
7
What is the tens digit of 793?
9
What is the thousands digit of 11624?
1
What is the units digit of 1558?
8
What is the units digit of 769?
9
What is the thousands digit of 10678?
0
What is the units digit of 94?
4
What is the hundreds digit of 46161?
1
What is the thousands digit of 2543?
2
What is the thousands digit of 1595?
1
What is the units digit of 2189?
9
What is the hundreds digit of 542?
5
What is the tens digit of 6301?
0
What is the tens digit of 3534?
3
What is the units digit of 463?
3
What is the thousands digit of 8730?
8
What is the tens digit of 69730?
3
What is the hundreds digit of 25418?
4
What is the units digit of 548?
8
What is the hundreds digit of 25822?
8
What is the ten thousands digit of 30954?
3
What is the ten thousands digit of 10767?
1
What is the tens digit of 273?
7
What is the tens digit of 2573?
7
What is the tens digit of 5215?
1
What is the thousands digit of 15956?
5
What is the hundreds digit of 2691?
6
What is the units digit of 2347?
7
What is the thousands digit of 3644?
3
What is the hundred thousands digit of 117358?
1
What is the thousands digit of 36499?
6
What is the hundreds digit of 225?
2
What is the units digit of 3150?
0
What is the tens digit of 17521?
2
What is the thousands digit of 1874?
1
What is the tens digit of 3219?
1
What is the ten thousands digit of 31463?
3
What is the thousands digit of 4376?
4
What is the hundreds digit of 11563?
5
What is the hundreds digit of 3084?
0
What is the ten thousands digit of 41674?
4
What is the thousands digit of 5944?
5
What is the ten thousands digit of 18092?
1
What is the hundreds digit of 33503?
5
What is the tens digit of 3186?
8
What is the units digit of 901?
1
What is the thousands digit of 1032?
1
What is the units digit of 21418?
8
What is the hundreds digit of 48436?
4
What is the thousands digit of 22522?
2
What is the units digit of 2178?
8
What is the tens digit of 1025?
2
What is the hundreds digit of 167726?
7
What is the tens digit of 9726?
2
What is the tens digit of 68804?
0
What is the thousands digit of 13141?
3
What is the units digit of 99?
9
What is the tens digit of 8272?
7
What is the units digit of 46?
6
What is the tens digit of 6216?
1
What is the tens digit of 6907?
0
What is the tens digit of 71630?
3
What is the hundreds digit of 519?
5
What is the tens digit of 2289?
8
What is the tens digit of 959?
5
What is the hundreds digit of 52963?
9
What is the ten thousands digit of 22171?
2
What is the hundreds digit of 2984?
9
What is the thousands digit of 9518?
9
What is the tens digit of 1172?
7
What is the tens digit of 872?
7
What is the thousands digit of 6061?
6
What is the tens digit of 7004?
0
What is the thousands digit of 31983?
1
What is the thousands digit of 7413?
7
What is the thousands digit of 79281?
9
What is the units digit of 974?
4
What is the tens digit of 1254?
5
What is the hundreds digit of 214?
2
What is the hundreds digit of 35705?
7
What is the tens digit of 4743?
4
What is the ten thousands digit of 41426?
4
What is the ten thousands digit of 10018?
1
What is the ten thousands digit of 11773?
1
What is the units digit of 1219?
9
What is the thousands digit of 11477?
1
What is the hundreds digit of 274?
2
What is the units digit of 32?
2
What is the hundreds digit of 981?
9
What is the hundreds digit of 9510?
5
What is the hundreds digit of 3201?
2
What is the hundreds digit of 1448?
4
What is the thousands digit of 4153?
4
What is the units digit of 81064?
4
What is the hundreds digit of 333?
3
What is the units digit of 13336?
6
What is the tens digit of 49358?
5
What is the units digit of 4255?
5
What is the tens digit of 18159?
5
What is the units digit of 35765?
5
What is the hundreds digit of 25068?
0
What is the tens digit of 5103?
0
What is the thousands digit of 8707?
8
What is the hundreds digit of 477?
4
What is the hundreds digit of 4340?
3
What is the tens digit of 3664?
6
What is the units digit of 2415?
5
What is the hundreds digit of 96975?
9
What is the tens digit of 259?
5
What is the ten thousands digit of 10061?
1
What is the hundreds digit of 1550?
5
What is the tens digit of 175?
7
What is the thousands digit of 30891?
0
What is the hundreds digit of 36493?
4
What is the thousands digit of 7664?
7
What is the tens digit of 3093?
9
What is the units digit of 27095?
5
What is the hundreds digit of 1875?
8
What is the ten thousands digit of 89828?
8
What is the hundreds digit of 117243?
2
What is the units digit of 2445?
5
What is the tens digit of 915?
1
What is the tens digit of 5747?
4
What is the units digit of 2702?
2
What is the hundreds digit of 321?
3
What is the tens digit of 3955?
5
What is the thousands digit of 20209?
0
What is the units digit of 21?
1
What is the tens digit of 662?
6
What is the tens digit of 36878?
7
What is the thousands digit of 4331?
4
What is the hundreds digit of 4726?
7
What is the units digit of 1579?
9
What is the units digit of 29651?
1
What is the tens digit of 42870?
7
What is the thousands digit of 11102?
1
What is the hundreds digit of 6474?
4
What is the units digit of 731?
1
What is the hundreds digit of 4344?
3
What is the units digit of 37163?
3
What is the thousands digit of 3033?
3
What is the tens digit of 20198?
9
What is the ten thousands digit of 68853?
6
What is the hundreds digit of 108052?
0
What is the units digit of 9121?
1
What is the tens digit of 1900?
0
What is the hundreds digit of 703?
7
What is the hundreds digit of 7223?
2
What is the units digit of 40230?
0
What is the units digit of 337?
7
What is the thousands digit of 96560?
6
What is the ten thousands digit of 71855?
7
What is the hundreds digit of 5749?
7
What is the tens digit of 7547?
4
What is the hundreds digit of 889?
8
What is the tens digit of 5562?
6
What is the tens digit of 955?
5
What is the units digit of 37?
7
What is the tens digit of 10274?
7
What is the units digit of 8002?
2
What is the tens digit of 1984?
8
What is the thousands digit of 58092?
8
What is the units digit of 772?
2
What is the units digit of 240?
0
What is the tens digit of 260?
6
What is the tens digit of 65130?
3
What is the tens digit of 2819?
1
What is the hundreds digit of 2307?
3
What is the tens digit of 2242?
4
What is the tens digit of 35602?
0
What is the thousands digit of 1591?
1
What is the thousands digit of 1563?
1
What is the thousands digit of 1560?
1
What is the hundreds digit of 78934?
9
What is the tens digit of 71151?
5
What is the units digit of 364?
4
What is the thousands digit of 2613?
2
What is the thousands digit of 104081?
4
What is the thousands digit of 8005?
8
What is the units digit of 909?
9
What is the tens digit of 56712?
1
What is the hundred thousands digit of 115883?
1
What is the units digit of 66141?
1
What is the tens digit of 77751?
5
What is the thousands digit of 1622?
1
What is the units digit of 64202?
2
What is the units digit of 3418?
8
What is the tens digit of 15?
1
What is the hundreds digit of 6526?
5
What is the hundreds digit of 3768?
7
What is the tens digit of 6388?
8
What is the tens digit of 14909?
0
What is the thousands digit of 3797?
3
What is the hundreds digit of 9384?
3
What is the hundreds digit of 1419?
4
What is the tens digit of 1792?
9
What is the hundreds digit of 496?
4
What is the tens digit of 5107?
0
What is the units digit of 96340?
0
What is the hundreds digit of 23761?
7
What is the hundreds digit of 385?
3
What is the thousands